t common factor of 1025 and 390271825.
1025
What is the highest common divisor of 1575753 and 2613996?
2829
What is the greatest common factor of 1890 and 24677910?
90
What is the highest common factor of 81142329 and 45544?
5693
What is the greatest common divisor of 124713 and 59302?
149
What is the highest common factor of 90069 and 13524?
21
Calculate the highest common divisor of 2526 and 4959.
3
What is the greatest common factor of 480 and 423134720?
160
What is the greatest common divisor of 2431 and 562991?
143
Calculate the greatest common divisor of 502109 and 55173.
347
Calculate the greatest common divisor of 12857509 and 277.
277
Calculate the highest common divisor of 9799 and 2183504.
239
Calculate the greatest common factor of 6528 and 247512.
24
What is the greatest common divisor of 1101440 and 740?
20
What is the greatest common divisor of 13878 and 606231?
27
Calculate the greatest common factor of 530064 and 3216.
48
What is the greatest common divisor of 81870 and 675?
15
Calculate the highest common divisor of 376105 and 925.
185
What is the greatest common factor of 92279081 and 6778?
3389
Calculate the greatest common factor of 65984296 and 37952.
4744
Calculate the greatest common factor of 97152 and 2076.
12
Calculate the highest common factor of 15433 and 24103662.
671
What is the highest common divisor of 11194620 and 11610?
1290
What is the greatest common divisor of 728454 and 430359?
501
What is the highest common divisor of 24 and 41494488?
24
Calculate the highest common factor of 978147097 and 452.
113
Calculate the highest common factor of 530 and 263210.
10
What is the highest common factor of 456 and 133308408?
456
What is the greatest common factor of 63341116 and 1156?
68
What is the greatest common divisor of 2391955 and 955?
5
What is the greatest common factor of 31600 and 191654?
158
Calculate the highest common divisor of 260 and 245552240.
20
What is the highest common factor of 304994963 and 33865?
6773
What is the highest common factor of 116 and 3884372?
4
What is the highest common divisor of 327850 and 27413?
79
What is the highest common factor of 158976 and 394848?
864
Calculate the greatest common divisor of 2267004 and 8094.
114
Calculate the greatest common divisor of 418291 and 62397.
2311
What is the highest common factor of 49516285 and 13?
13
What is the greatest common divisor of 14 and 1013719?
7
Calculate the highest common factor of 2760 and 4633672.
184
What is the highest common divisor of 1173528 and 7128?
648
What is the highest common factor of 33806805 and 21783?
411
What is the greatest common divisor of 676142 and 188?
94
Calculate the greatest common divisor of 99240 and 17715.
15
Calculate the greatest common divisor of 3374 and 2297212.
482
What is the greatest common divisor of 4634404 and 289?
289
Calculate the highest common factor of 404106 and 40608.
282
What is the highest common divisor of 45098415 and 765?
45
Calculate the highest common divisor of 55 and 43629080.
55
What is the highest common factor of 40677 and 299481?
273
What is the highest common factor of 52 and 947899108?
52
What is the greatest common divisor of 8 and 9859892?
4
What is the highest common divisor of 1212967 and 2907?
17
Calculate the highest common divisor of 125615144 and 164.
164
Calculate the greatest common divisor of 151904 and 2187380.
188
Calculate the highest common factor of 192 and 11741632.
64
What is the greatest common divisor of 35442 and 90395?
179
What is the greatest common factor of 34645322 and 57?
19
Calculate the highest common factor of 1919684 and 13539628.
5092
What is the highest common divisor of 12903 and 8481?
33
What is the greatest common factor of 219427 and 9568?
13
Calculate the highest common factor of 69822 and 38799.
81
Calculate the highest common factor of 2158 and 500201.
13
Calculate the greatest common divisor of 4704 and 380496.
48
What is the greatest common factor of 1185 and 1629160278?
237
What is the highest common divisor of 3721818 and 492?
6
Calculate the highest common divisor of 25564 and 131747.
77
Calculate the highest common divisor of 78913143 and 9.
9
What is the greatest common factor of 4875 and 25507875?
375
What is the greatest common divisor of 212379204 and 1432?
716
What is the highest common factor of 8246186 and 6296?
1574
What is the greatest common factor of 1343 and 55301?
17
What is the greatest common divisor of 88406438 and 106?
106
What is the greatest common divisor of 275 and 37518250?
275
Calculate the greatest common divisor of 832 and 998634.
26
What is the highest common factor of 3034 and 256262?
74
Calculate the greatest common factor of 3981 and 21711047.
1327
What is the greatest common factor of 36905825 and 2150?
1075
What is the greatest common divisor of 63924825 and 150?
75
Calculate the greatest common divisor of 2225743 and 158083.
547
What is the highest common divisor of 3971 and 352?
11
Calculate the greatest common divisor of 648156 and 158628.
12
What is the highest common factor of 1178988 and 54872?
76
What is the highest common divisor of 320306 and 2629578?
1918
What is the highest common factor of 2826 and 280559?
157
What is the greatest common factor of 3004665 and 765?
255
Calculate the highest common factor of 336185 and 43329985.
4735
What is the highest common divisor of 132 and 45374505?
33
What is the greatest common factor of 2005 and 1703025?
5
Calculate the highest common divisor of 4232 and 12964203.
529
What is the highest common divisor of 1772 and 86276?
4
Calculate the highest common divisor of 500 and 148108250.
250
What is the highest common factor of 130254 and 748322?
2554
What is the greatest common factor of 771433 and 16172?
13
What is the greatest common factor of 2683504320 and 48?
48
What is the highest common divisor of 3140 and 20496664?
628
What is the greatest common divisor of 195 and 2514655?
65
Calculate the greatest common divisor of 580887 and 43301.
817
Calculate the highest common factor of 550385 and 130570.
55
What is the highest common factor of 612 and 72755988?
204
What is the highest common factor of 2196 and 28922052?
732
Calculate the greatest common factor of 7857543 and 267.
267
Calculate the highest common factor of 420 and 2579655.
15
Calculate the greatest common divisor of 4759230 and 603255.
1965
Calculate the greatest common factor of 537 and 8555305.
179
What is the highest common factor of 2683248 and 7332?
12
Calculate the highest common divisor of 763584 and 3129899.
3977
What is the greatest common divisor of 412029 and 1192999?
2693
What is the highest common factor of 27857 and 1089866?
313
What is the greatest common factor of 38537357 and 438?
73
Calculate the greatest common divisor of 49603125 and 48840.
6105
Calculate the greatest common divisor of 1560 and 820383720.
1560
What is the greatest common divisor of 374130 and 930?
30
Calculate the greatest common divisor of 388620 and 96900.
1020
What is the highest common divisor of 435279 and 6981?
39
What is the greatest common divisor of 6719430 and 2010?
2010
What is the highest common divisor of 36 and 16913682?
18
Calculate the highest common divisor of 2540 and 824898020.
2540
What is the greatest common divisor of 12985912 and 1880?
376
What is the greatest common divisor of 5004168 and 6812?
52
Calculate the highest common divisor of 76187 and 48269.
47
Calculate the greatest common divisor of 49886054 and 40078.
1382
Calculate the highest common divisor of 22002 and 1149894.
1158
Calculate the highest common divisor of 794 and 442570836.
794
Calculate the highest common divisor of 16544440 and 374.
22
What is the highest common factor of 21 and 9065553?
21
Calculate the greatest common divisor of 55114720 and 2440.
2440
What is the highest common divisor of 961559 and 15133?
409
What is the highest common divisor of 63724 and 31504?
716
What is the highest common factor of 8368727 and 149557?
431
What is the greatest common divisor of 44887052 and 6461?
497
Calculate the highest common factor of 3162 and 74240412.
186
What is the highest common divisor of 65895 and 16215?
345
Calculate the greatest common divisor of 37314014 and 954.
106
Calculate the highest co